 -5*u - 4 + 1 = 3*m, 4 = r*m + 4*u. What are the prime factors of (-58)/(-7) + m/(-14)?
2
Suppose 114 = -2*f - 0*f + 4*q, 0 = 3*f - 4*q + 177. What are the prime factors of 18/f - 130/(-14)?
3
Suppose 5*z + 122 = -4*m + 568, -90 = -z - m. List the prime factors of z.
2, 43
Let s(y) = y**2 + 2*y + 4. What are the prime factors of s(-20)?
2, 7, 13
Suppose 12 = 3*h, 3*z - 5*h - 17 - 86 = 0. What are the prime factors of z?
41
Suppose 0*x + l = -5*x + 30, 0 = -3*l + 15. List the prime factors of x.
5
Let w = 3 - 0. Let t be 6 + (-5)/((-10)/(-6)). Suppose -4*g - 12 = -0*g, -w = -p - t*g. List the prime factors of p.
2, 3
Let b(q) = -q**3 - 3*q**2 + 6*q + 4. Let r be (-2)/(-6) - (-32)/(-6). Let p be b(r). Suppose -2*h + p = h. List the prime factors of h.
2
Suppose 5*k = 5*n - 0*k - 890, 5*k + 530 = 3*n. What are the prime factors of n?
2, 3, 5
Let s(g) = g**2 - 9*g - 6. Let r = -10 + 20. Let q be s(r). Suppose 9 + q = h. List the prime factors of h.
13
Suppose -b + 137 = -5*q, 5*b - 21 = 5*q + 744. What are the prime factors of b?
157
Suppose -85*g - 945 = -90*g. List the prime factors of g.
3, 7
Suppose n - 15 = 17. What are the prime factors of n?
2
Let s(v) = -v**2 - v - 5. Let c be s(0). Let t = c - -9. Suppose -3*q + t*q - 16 = 0. What are the prime factors of q?
2
Suppose 3*s - h = 304, -5*s = -5*h - 428 - 82. What are the prime factors of s?
101
Suppose r - 9*j + 4*j = 49, 3*r + 4*j = 223. List the prime factors of r.
3, 23
Suppose -3*w + 1 - 4 = -t, -3*w = 0. Suppose -d + 27 = -2*f, 0*d - 174 = -5*d - t*f. What are the prime factors of d?
3, 11
Let g(j) = j**3 - 2*j**2 + 2*j - 1. Let f be g(1). Let z be -4 + (f/3)/1. Let b(d) = -2*d - 4. What are the prime factors of b(z)?
2
Let r(x) = -x**3 + x**2 + x - 1. Let j be r(1). Suppose j = 2*v - 14 - 0. What are the prime factors of v?
7
Suppose 5*w + 3*c + 145 = 0, -2*w - 3*c - 58 = -8*c. Let j = -37 + 16. Let v = j - w. What are the prime factors of v?
2
Suppose 0 = -3*y - 12, 0*r + 2*y = -2*r - 4. Suppose 83 = 5*x - 2*c, r*x - 36 = c - 2. What are the prime factors of x?
3, 5
Suppose 4*x - 15 = -x. Let m be (-1)/5 - x/(-15). What are the prime factors of 4 + -2 - (m + 0)?
2
Suppose -4*c + 9*c = 15. Suppose -5*d = 3*y - 15 - 26, -3*y = -4*d + 22. Suppose 0 = c*p + 3*x - 15, -3*x - 28 = -3*p - d. List the prime factors of p.
2, 3
Suppose -53 + 5 = -2*i. List the prime factors of i.
2, 3
Let d(w) = -2*w. Let h be d(5). What are the prime factors of (-4)/h - (-702)/45?
2
Suppose -2*w - x = -129, 3*w + 3*x - 240 + 51 = 0. List the prime factors of w.
2, 3, 11
Suppose 1 = 8*v + 9. Let s(f) be the third derivative of -f**6/15 + f**5/30 + f**4/24 + f**2. List the prime factors of s(v).
3
Let l = -31 - -1. Let g = -11 - l. What are the prime factors of g?
19
Let h = 14 + -11. Suppose 47 + h = 2*x. List the prime factors of x.
5
Suppose 5*s + 3 = -u, -2*s + 6*u - 12 = u. What are the prime factors of (0 + s)/(3/(-45))?
3, 5
Suppose -5*m + 3*i + 25 = 0, -2*m - 4*i + 5 = 21. Suppose 0 = -m*c + 46 - 16. What are the prime factors of c?
3, 5
Suppose -b - x + 7 = -1, 0 = -3*b + 2*x - 1. Suppose -5*h + 8*j = b*j - 25, 0 = -3*h - 5*j + 15. What are the prime factors of h?
5
Let r be 3 - 1 - (0 - -2). Suppose r = -2*a + 13 + 13. List the prime factors of a.
13
Let g = 194 - 72. List the prime factors of g.
2, 61
Let x(c) = c**3 + 5*c**2 + 3*c - 2. Let y be x(-4). Let a = 5 - 3. Suppose -2*b = -n - 9, 4*b - y*b - 6 = a*n. List the prime factors of b.
2, 3
List the prime factors of (-2286)/(-10) + 7/(105/(-9)).
2, 3, 19
Let f be (-6)/(-10) + 66/(-10). List the prime factors of 3/(f/4) - -16.
2, 7
List the prime factors of -5*-2*2/10.
2
Suppose -f + 129 = 2*f. List the prime factors of f.
43
Let y(h) = h + 12. Let n be y(-10). Suppose 2*l + 34 = n*m - 12, 0 = -2*m - 5*l + 53. List the prime factors of m.
2, 3
Suppose 0 = 5*o + 2*n, -5*o + o - 4*n = 0. Suppose 3*p = -o*p + 117. Suppose -a + 1 = 4*v, -5*a - 2*v = v - p. What are the prime factors of a?
3
Let o = 12 - 22. Let g = 13 - o. List the prime factors of g.
23
Suppose -r + 0*r - 3*g + 20 = 0, r = 5*g - 4. List the prime factors of r.
11
Suppose -2 = 5*k + 8. Let l(n) = -4*n**3 - n**2 + 2*n - 1. What are the prime factors of l(k)?
23
Suppose -z = -3*w - 0*z + 36, 5*w - 2*z - 59 = 0. Let l = 5 + w. List the prime factors of l.
2, 3
Suppose -4*y - 95 = -3. Let j = 39 + y. What are the prime factors of j?
2
Let a be 3/(-1*9/(-15)). Suppose -r - 40 = -a*r + 2*x, 0 = 5*r + x - 50. What are the prime factors of r?
2, 5
Suppose -m - 2*m - 9 = 0, -5*y - 41 = -3*m. Let i(b) = -3*b - 15. What are the prime factors of i(y)?
3, 5
Suppose -2*a - t = -83, -2*a - 33 + 122 = -5*t. List the prime factors of a.
2, 3, 7
Let h = -6 + 6. Suppose h*f - f = -3. Suppose 3*d - 42 = -2*z, f*z + 16 = d + 2. List the prime factors of d.
2, 7
Let t(q) = q**2 + 6*q + 9. Let w be t(-5). Suppose y = w*y - 81. List the prime factors of y.
3
Let x be ((-11)/2)/(3/(-12)). Suppose -2*l + x = f, 2*f + 19 = 3*l - 0*l. List the prime factors of l.
3
Let k(l) = -l + 1. Let i(s) = -2*s - 4. Let u(q) = -i(q) + k(q). List the prime factors of u(5).
2, 5
Suppose -4*c + 0*r = 4*r - 1324, 2*c - r - 668 = 0. What are the prime factors of c?
3, 37
Suppose h - 6 - 6 = -2*m, -3*m = 2*h - 20. Suppose 0 = m*g + g - 15. Suppose -g*y = -4*c + 14, -y - 2*y = 2*c + 2. What are the prime factors of c?
2
What are the prime factors of (-30)/10*32/(-3)?
2
Let n(z) = -2*z - 5. Let l be n(-4). Let b = 5 - l. List the prime factors of b.
2
Suppose 21 = -a + 89. Suppose 3*t = -0*t + 6. Suppose -2*s = t*s - a. What are the prime factors of s?
17
Suppose -6 - 34 = -4*f. Suppose 3*n = -2*n + f, h - n - 32 = 0. List the prime factors of h.
2, 17
What are the prime factors of 8/(1/((-15)/(-5)))?
2, 3
Let w(o) = 5*o**2 - 18*o - 6. List the prime factors of w(8).
2, 5, 17
Let x = 89 + 73. What are the prime factors of x?
2, 3
Let n = 7 + -5. Suppose -10 = -n*f - s, 19 = -3*f + 4*f + 4*s. List the prime factors of f.
3
Suppose 2*g - 6*g + 20 = 0. Suppose 2*o - 6 = 0, -p + 3*o = g*o - 2. Let j = 6 + p. List the prime factors of j.
2
Suppose -4*l + 0*l + 3*m = 4, 2*l + 5*m - 24 = 0. Suppose -6 = -y - l*y. List the prime factors of y*-1 + 12 + 0.
2, 5
Suppose -2*b + 68 = d, -3*b + 11 = -3*d - 82. Let s = -16 + b. What are the prime factors of s?
17
Suppose 0 = -5*h + 501 - 46. What are the prime factors of h?
7, 13
Let u(s) = s**3 + 6*s**2 - s - 4. Suppose 44 = -4*x - 5*z, 4*x - 3*z + 3 = -9. Let t be u(x). Let g = t + 2. What are the prime factors of g?
2
Let c(t) = -t**2 - t + 4. Let j(l) = l**3 + 10*l**2 + 9*l + 2. Let k be j(-9). Suppose 0 = k*u + u. What are the prime factors of c(u)?
2
Suppose 31 = 11*g - 10*g. List the prime factors of g.
31
Suppose -p + 5*p + 85 = 3*x, -2*p = -4*x + 130. List the prime factors of x.
5, 7
Let r be ((-1)/(-2))/((-2)/8). Let s(v) = 8*v**2 + 3*v. What are the prime factors of s(r)?
2, 13
Let s be ((-5)/(-5))/(2/4). Suppose s*n - 35 = 21. Suppose -n = 4*l - 80. List the prime factors of l.
13
List the prime factors of (2 - 138/(-1)) + 3 + -5.
2, 3, 23
Let k = 10 + -8. What are the prime factors of 16 + 0/(4 - k)?
2
Let j = 43 + -5. Let p = -17 + j. What are the prime factors of p?
3, 7
Suppose -2*f + 5*u + 1033 = 2*f, 4*f = -u + 1003. List the prime factors of f.
2, 3, 7
Let j(c) = -c**2 + 6*c + 4. Let r be j(6). Suppose r*b = -b + 20. What are the prime factors of b?
2
Let j be 3/1 - 0 - -20. Suppose m - j + 5 = 0. What are the prime factors of m?
2, 3
Let w(k) = -k**3 - 4*k**2 + 3. Let s be w(-4). Suppose 3 + s = 2*m. Let x = m - -8. List the prime factors of x.
11
Let u be 3 + (-1 - 2) + 4. Suppose -u*t - b + 122 = -3*b, -5*t + 5*b + 150 = 0. List the prime factors of t.
31
Suppose -4*i + f = -691 - 534, 0 = i - f - 310. Suppose 8*u - 3*u - i = 0. What are the prime factors of u?
61
Let m(g) = g - 11. Let z be m(9). Let f = -2 - z. List the prime factors of (1 + f - -4)*1.
5
Let u(p) = -15*p**3 + 2*p**2 + 2*p + 1. Suppose -2*n = -2 - 6. Suppose -o = -5*o - n. What are the prime factors of u(o)?
2
Let z = 59 + -101. Let f = 78 + z. What are the prime factors of f?
2, 3
What are the prime factors of (-1)/(2/(-3))*4?
2, 3
Suppose 5*g + 2*o - 15 = -2*o, 5*g = o + 40. What are the prime factor